
Let a(i) = -i**2 - 6*i - 2. Let q be a(-6). Let m be 3 + (0 + 1)*q. What is the tens digit of 81 - (10*m/2 + -2)?
7
Suppose 8*d - 5*d = 36. Suppose -2*s = 4*s - d. Suppose -s*p = -0*z + z - 221, -5*p = -2*z - 575. What is the hundreds digit of p?
1
Let l be -5 + (-2 - (5 + -5)). Let w(n) = n**2 + 5*n + 7. Let o be w(l). Suppose 2928 = -9*a + o*a. What is the hundreds digit of a?
2
Let o(m) = -3*m - 93. Let n be o(-30). Let x(l) = -l**3 + l**2 + 10*l + 19. What is the tens digit of x(n)?
2
Let o(j) = 74*j - 187. What is the hundreds digit of o(32)?
1
Suppose 2*h - 602 = 936. Suppose h = 3*x - 353. What is the hundreds digit of x?
3
Suppose 3184671 = 144*w + 999039. What is the ten thousands digit of w?
1
Suppose 6*i = -12 - 282. Let g = 110 + i. What is the units digit of g?
1
Suppose 3*o + 3*y - 42090 = 0, -271*o + 272*o + 4*y - 14009 = 0. What is the thousands digit of o?
4
Let j(n) = -2*n**3 - 9*n**2 + 6*n + 8. Let l be j(-5). Suppose -2*h + 160 = l*h. Suppose -h = -z + 2*k, 2*z - 2*k - 10 - 52 = 0. What is the units digit of z?
0
Let i(g) = 6*g - 19 - 4*g**2 + 7*g**2 - 2*g**2. Let o be i(-8). What is the units digit of o*(-1)/3 + 1?
2
Suppose l + 25 = a, -3*a + 4*l = 2*a - 122. Let k = 18 - a. What is the units digit of ((-10)/k)/(3/60)?
0
Suppose h = -3*l + 20668, 2*h = -50*l + 53*l - 20674. What is the hundreds digit of l?
8
Let b be ((-14398)/(-115))/((-2)/(-5)). Let p = b + -46. What is the hundreds digit of p?
2
Suppose 5*i + 2*s - 93241 = 16341, -2*i - 4*s = -43836. What is the ten thousands digit of i?
2
Suppose -1244 - 61251 = -5*z. What is the tens digit of z?
9
Let n(h) = -46*h - 11. Let w be n(5). Let z = -43 - w. Let m = z - 68. What is the tens digit of m?
3
Let p be -2*(-3)/(-6)*-679. Suppose -p = -2*s + 14*h - 13*h, 15 = 3*h. What is the units digit of s?
2
Let s = 136 + -136. What is the hundreds digit of -4 - (-3 - 267 - s)?
2
Suppose 5*n = -4*l + 12593, 42*l - 37*l = -2*n + 15720. What is the units digit of l?
2
Let p(k) = -147*k - 117. Let x be p(-12). Let j = x + -840. What is the hundreds digit of j?
8
Let c = -6296 + 12150. What is the hundreds digit of c?
8
Let p = -971 - -968. What is the units digit of ((-5)/p - 1)/((-31)/(-40827))?
8
Suppose 10*m = 9*m - 88608. What is the tens digit of 6/(-22) + m/(-132)?
7
Let o(b) = 14*b**3 - 5*b**2 + 34*b - 33. What is the hundreds digit of o(7)?
7
Let l(p) = p**2 + p - 1. Let t(x) = 48*x**2 + 6*x - 4. Let w(c) = 3*l(c) + t(c). What is the hundreds digit of w(5)?
3
Let p(g) = 20 + 45 - 80 + 239*g + 122 - 42*g. What is the tens digit of p(4)?
9
Let q = 58 + -46. Let f be -9*(-3 - (-28)/q). Suppose 85 + 89 = f*p. What is the units digit of p?
9
Let s = -617 + 3618. What is the thousands digit of s?
3
Suppose x - 5*x = 0, 2*s - x = 238. Let l = -3 + -21. Let b = l + s. What is the tens digit of b?
9
Let y be 3860/16 - (-45)/60. Suppose 4*v - 2078 = -2*a + y, 0 = -5*a - v + 5773. What is the units digit of a?
4
What is the tens digit of (-2003407)/(-695) - 14/(-10)?
8
Let r(v) = 7*v**2 + v**3 - 3*v**2 + 28 - 5*v - 36. What is the tens digit of r(-3)?
1
Let f(y) = 617*y - 697. What is the tens digit of f(57)?
7
Suppose 27*a = 6623 + 111394. What is the tens digit of a?
7
Suppose 4*z - 39017 = -5*v, -z = -4*v - 6311 - 3459. What is the hundreds digit of z?
7
Suppose 18*q - 283 = -8*q + 273029. What is the thousands digit of q?
0
Suppose -2*r = -4*n + n + 398, -3*n - r + 413 = 0. Suppose -5*f + 4*f = -n. Let p = f + -68. What is the tens digit of p?
6
Let s = 363 - 201. Let q = s - 383. Let k = 390 + q. What is the hundreds digit of k?
1
Let c = -48103 - -75511. What is the tens digit of c?
0
Suppose 2*v + 1988 = -2*c, 0 = 2*v + 3*c - 469 + 2455. Let d = v + 1851. What is the units digit of d?
5
Suppose 0 = -3*z - p + 15475, -17*z = -4*p + p - 87683. What is the units digit of z?
8
Let t = -4 + 2. What is the units digit of t/(-7) - 3768/(-42)?
0
Let u be ((-2)/3)/(2/(-6)). Let j be (-2)/1*-9 + 152/(-38). What is the units digit of (j - 18)*((-80)/u)/2?
0
Let j(s) = 212*s**2 - 7*s - 12. Let w(u) = -4*u**2 + 10*u - 6. Let q be w(2). What is the units digit of j(q)?
0
Let z = -133 - -133. Suppose -3*y - 6*c + 3*c = -921, 3*y + 5*c - 931 = z. What is the tens digit of y?
0
Let f(h) = 611*h + 2184. What is the thousands digit of f(49)?
2
Let r = -2078 - -5351. What is the thousands digit of r?
3
Let r(c) = -c**2 - 6*c + 68. Let x be r(-15). Let z = 72 - x. What is the hundreds digit of z?
1
Suppose 5*j - 13 = 2. Suppose -j*d + 252 = -375. What is the tens digit of d?
0
Let m(g) = 35*g**3 - 18*g**2 + 53*g - 42. What is the tens digit of m(9)?
9
Suppose 4*m = -2*j - 20, -4*j + 2*m = 16 + 4. Let f be 8/(-12) + 74/j. Let c = f + 18. What is the units digit of c?
5
Let c be -59*(3 - 16/4). Suppose 6*q = -c + 17. Let b(k) = 4*k**2 + 4*k - 8. What is the hundreds digit of b(q)?
1
Let o be (-43184)/120 - 4/30. Let m be -6 - -7 - (0 - o/(-2)). Let n = 306 - m. What is the tens digit of n?
2
Let x be (11/9 - 1) + (-2120)/(-180). What is the hundreds digit of (4 + -1)/(x/4064)?
0
Suppose -847 = 9*v - 23455. Suppose -8*b + v = 3*k - 6*b, b = 5*k - 4204. What is the tens digit of k?
4
Let p = 151358 - 89054. What is the units digit of p?
4
Let b(w) = 42*w**2 - 57*w + 113. Let i be b(2). Suppose 0 = 13*j + i - 2195. What is the units digit of j?
6
Let b = -187 - -443. Let s = b - 207. What is the tens digit of s?
4
Let t(p) = p**3 + 19*p**2 - 5*p + 5. Let z(s) = 4*s**3 + 58*s**2 - 16*s + 16. Let j(q) = -7*t(q) + 2*z(q). Let x = -292 - -309. What is the tens digit of j(x)?
4
What is the hundreds digit of (-2)/(-14) - 22294448/(-532)?
9
Suppose 5*s = -83 - 177. Let y = s - -57. Suppose 4*n = -0*n + 5*d + 251, 0 = -3*n - y*d + 162. What is the tens digit of n?
5
Let y = 102 + -184. Let r = 251 + y. What is the units digit of r?
9
What is the units digit of 129/6*6/5*9320/24?
9
Suppose -32454 = -5*v - 4*n + 44120, 3*v + 3*n = 45945. What is the thousands digit of v?
5
Let y(p) = -276*p - 11. Let b = -32 + 30. What is the tens digit of y(b)?
4
Suppose -3*p = -3*w - 4764, 4133*w = -2*p + 4129*w + 3128. What is the units digit of p?
0
Let d(b) = b**2 + 22*b + 38. Let z be d(-20). Let o(u) = -8*u - 12. What is the units digit of o(z)?
4
Suppose -8*v - 31192 = -4*k - 6*v, 3*k - 5*v - 23401 = 0. What is the thousands digit of k?
7
Suppose -4*p = -6*p - 144. Suppose 4*q + 224 = -134*u + 130*u, -2*q - 103 = 5*u. Let n = q - p. What is the units digit of n?
3
Let l(f) = 90*f**2 + 34*f + 190. Let z be l(-8). Suppose 6*s - z = 1498. What is the thousands digit of s?
1
Let a = 494 - 325. Suppose -628 = -171*y + a*y. What is the units digit of y?
4
Let h be ((-4)/(-6))/(4/1230). Let z = 185 + h. Suppose -62 = -k + 3*x, 0*x + x - z = -5*k. What is the tens digit of k?
7
Suppose k + 4193 = 2*a + 11664, k - a - 7464 = 0. What is the thousands digit of k?
7
Let y = -9321 - -14082. What is the tens digit of y?
6
Let n be 2 + 0 + -2 + -21 + 25. What is the units digit of 810 - -1 - (-3 - n)?
8
Let b be 3*(-6 - 70/(-10)). Suppose -2*m + 2605 = 5*d, 0 = -b*m - 4*d + 2595 + 1309. What is the tens digit of m?
0
Suppose -3*g = -5*z + 189312 - 13217, 0 = z - 2*g - 35212. What is the thousands digit of z?
5
Let x(k) = 4*k**2 - 17*k + 5. Let q be x(4). What is the tens digit of ((333 + 3)*(-20)/(-12))/q?
6
What is the thousands digit of 14 - 102/18*-591?
3
Suppose 53*t - 69068 = 22*t. Let x = 3994 - t. What is the hundreds digit of x?
7
Let q(x) = -12 + 10*x**2 + 32 - 13 + 8*x. What is the units digit of q(5)?
7
Let j(r) = -r**3 - 6*r**2 - 10*r + 5. Let q = -349 - -338. What is the hundreds digit of j(q)?
7
Let j(x) = 266*x**2 - 17*x - 96. Let a be j(-7). Suppose -10*o + a = -3403. What is the hundreds digit of o?
6
Let s(w) = w + 57. Let q be s(-53). Suppose -2610 - 422 = -q*o. What is the hundreds digit of o?
7
Let v(n) = n**3 + 10*n**2 + 34*n - 32. Let p be v(-11). Let k = 780 + p. What is the hundreds digit of k?
2
Let w(g) = -9*g - 5. Let f(p) = -5*p - 3. Let n(y) = -5*f(y) + 2*w(y). What is the units digit of n(10)?
5
Let f = -308 + 320. What is the tens digit of (f - 0)*2*(-159)/(-4)?
5
Let r(a) = 40*a**3 - a**2 - 3*a + 3. Let z be r(2). Let y = -3564 + 3441. Let v = y + z. What is the tens digit of v?
9
Suppose 331566 